ime number?
True
Is 17087 a prime number?
False
Is 541735 composite?
True
Is 30626 a composite number?
True
Is 948261 prime?
False
Is 50177 prime?
True
Is 2161327 prime?
False
Is 331 composite?
False
Is 7993 composite?
False
Is 249841 a composite number?
True
Is 4177 composite?
False
Is 2073 a prime number?
False
Is 6787 a prime number?
False
Is 217 prime?
False
Is 14351 prime?
False
Is 4373 prime?
True
Is 1513315 prime?
False
Is 5581 a prime number?
True
Is 79579 a prime number?
True
Is 993689 composite?
False
Is 91111 a prime number?
False
Is 355294 a composite number?
True
Is 57541 a prime number?
False
Is 51962 prime?
False
Is 75131 prime?
False
Is 5645 a composite number?
True
Is 13947 composite?
True
Is 4561 prime?
True
Is 10517 prime?
False
Is 263333 composite?
True
Is 376021 prime?
True
Is 22433 a composite number?
False
Is 49763 composite?
True
Is 11149 prime?
True
Is 8571 a prime number?
False
Is 2903 a prime number?
True
Is 10967 a prime number?
False
Is 6 a composite number?
True
Is 612539 prime?
False
Is 112883 composite?
True
Is 79967 a prime number?
True
Is 69593 a composite number?
False
Is 1517 a prime number?
False
Is 198487 prime?
False
Is 150151 prime?
True
Is 10123 a prime number?
False
Is 11269 prime?
False
Is 13507 prime?
False
Is 229633 composite?
True
Is 476573 a prime number?
False
Is 1277 a composite number?
False
Is 27437 a composite number?
False
Is 4141 prime?
False
Is 70611 prime?
False
Is 90587 a composite number?
True
Is 233441 a prime number?
False
Is 650563 composite?
False
Is 289343 a composite number?
False
Is 201959 prime?
False
Is 27721 a prime number?
False
Is 357967 a prime number?
True
Is 72691 a composite number?
True
Is 268721 a composite number?
False
Is 85647 prime?
False
Is 10817 prime?
False
Is 201163 a prime number?
True
Is 22634 a prime number?
False
Is 14939 prime?
True
Is 57413 a prime number?
True
Is 778 composite?
True
Is 2767 prime?
True
Is 45863 a prime number?
True
Is 325727 prime?
False
Is 39521 a prime number?
True
Is 694447 a prime number?
False
Is 1973 a prime number?
True
Is 187547 prime?
True
Is 697877 prime?
True
Is 55009 composite?
False
Is 533642 prime?
False
Is 65374 a prime number?
False
Is 174281 prime?
True
Is 58983 composite?
True
Is 499 composite?
False
Is 51827 a prime number?
True
Is 603401 composite?
False
Is 5219 prime?
False
Is 407959 a composite number?
False
Is 7309 a prime number?
True
Is 84689 composite?
True
Is 5261 a composite number?
False
Is 266281 prime?
True
Is 632747 a prime number?
True
Is 207227 prime?
True
Is 2149 a composite number?
True
Is 885323 a composite number?
True
Is 9344167 composite?
True
Is 38593 composite?
False
Is 26365 prime?
False
Is 83737 composite?
False
Is 156007 composite?
False
Is 46559 a prime number?
True
Is 13645 a composite number?
True
Is 7177 composite?
False
Is 50069 a prime number?
True
Is 117961 composite?
True
Is 24029 a prime number?
True
Is 1238731 prime?
False
Is 67439 prime?
False
Is 443599 prime?
False
Is 23969 composite?
True
Is 452481 prime?
False
Is 14243 a prime number?
True
Is 7789 a prime number?
True
Is 104239 a prime number?
True
Is 15859 a prime number?
True
Is 93071 composite?
True
Is 172841 composite?
True
Is 97673 composite?
False
Is 475121 a composite number?
True
Is 26041 a composite number?
False
Is 15677 composite?
True
Is 2777 composite?
False
Is 26141 a prime number?
True
Is 190471 a prime number?
True
Is 4069 composite?
True
Is 18587 prime?
True
Is 205589 prime?
True
Is 81121 composite?
True
Is 19445 a composite number?
True
Is 71671 a prime number?
True
Is 25739 a prime number?
False
Is 3005 a composite number?
True
Is 2291 a prime number?
False
Is 6857 prime?
True
Is 805929 prime?
False
Is 146153 a composite number?
True
Is 73181 prime?
True
Is 29278 prime?
False
Is 858647 a prime number?
False
Is 44519 prime?
True
Is 210454 prime?
False
Is 111797 composite?
True
Is 409 composite?
False
Is 116294 a prime number?
False
Is 32183 prime?
True
Is 592289 prime?
True
Is 30181 a prime number?
True
Is 334613 prime?
False
Is 23501 prime?
False
Is 411627 a prime number?
False
Is 21551 composite?
True
Is 20873 prime?
True
Is 1993 composite?
False
Is 2927 a prime number?
True
Is 69241 a prime number?
False
Is 2051 a composite number?
True
Is 154543 composite?
False
Is 345067 a prime number?
True
Is 1134607 prime?
True
Is 44303 composite?
True
Is 449 a composite number?
False
Is 502591 a composite number?
False
Is 22289 a composite number?
True
Is 4573 a prime number?
False
Is 425081 a prime number?
False
Is 98999 a prime number?
True
Is 8803 a prime number?
True
Is 7151 a composite number?
False
Is 87011 a prime number?
True
Is 71701 prime?
False
Is 3637 composite?
False
Is 2240465 a composite number?
True
Is 10421 a composite number?
True
Is 69761 composite?
False
Is 829655 a composite number?
True
Is 903443 prime?
True
Is 456441 a prime number?
False
Is 117617 composite?
False
Is 762747 composite?
True
Is 8939 a composite number?
True
Is 10477 a prime number?
True
Is 80407 composite?
False
Is 31957 prime?
True
Is 93011 a composite number?
True
Is 1817 a composite number?
True
Is 56311 a composite number?
False
Is 36809 a prime number?
True
Is 8114 prime?
False
Is 19147 a prime number?
False
Is 5381 prime?
True
Is 2437 composite?
False
Is 12829 composite?
False
Is 202079 a composite number?
True
Is 33311 composite?
False
Is 93007 composite?
True
Is 2280305 a prime number?
False
Is 161531 a prime number?
True
Is 119417 prime?
True
Is 817457 composite?
False
Is 12373 composite?
False
Is 12097 a composite number?
False
Is 1717 a composite number?
True
Is 39913 a prime number?
False
Is 13517 composite?
True
Is 7855 a composite number?
True
Is 20693 a composite number?
False
Is 198707 prime?
False
Is 5299763 a composite number?
True
Is 176177 a composite number?
True
Is 117281 a prime number?
True
Is 961339 composite?
False
Is 194309 prime?
True
Is 178214 a composite number?
True
Is 76367 prime?
True
Is 1147763 composite?
True
Is 22521 a composite number?
True
Is 37747 a prime number?
True
Is 5779 prime?
True
Is 2010671 a prime number?
False
Is 15173 composite?
False
Is 16945 a composite number?
True
Is 206489 prime?
True
Is 7499 prime?
True
Is 14591 a composite number?
False
Is 388051 a prime number?
True
Is 5383 composite?
True
Is 5167 composite?
False
Is 10169 prime?
True
Is 291119 prime?
False
Is 920015 prime?
False
Is 4666 a composite number?
True
Is 57329 a composite number?
False
Is 13579 a prime number?
False
Is 132029 prime?
False
Is 9031 prime?
False
Is 10453 a composite number?
False
Is 485 composite?
True
Is 819506 a prime number?
False
Is 874387 a prime number?
True
Is 13841 a composite number?
False
Is 19247 prime?
False
Is 1613973 a composite number?
True
Is 16333 a composite number?
False
Is 28979 prime?
True
Is 1043 composite?
True
Is 8761 prime?
True
Is 11897 composite?
False
Is 103319 a composite number?
False
Is 730429 prime?
False
Is 290317 a prime number?
True
Is 3163 a prime number?
True
Is 5363 a prime number?
False
Is 126709 composite?
True
Is 224743 prime?
True
Is 641 prime?
True
Is 52109 a composite number?
True
Is 750599 composite?
False
Is 216347 composite?
False
Is 323503 a prime number?
False
Is 178207 composite?
False
Is 146397 prime?
False
Is 134869 composite?
True
Is 3059179 composite?
False
Is 103001 a prime number?
True
Is 15467 prime?
True
Is 2173 composite?
True
Is 4049 prime?
True
Is 60303 a composite number?
True
Is 157414 composite?
True
Is 555931 composite?
False
Is 1273565 composite?
True
Is 35023 a composite number?
False
Is 105667 composite?
False
Is 204047 a composite number?
False
Is 2469 composite?
True
Is 17597 a prime number?
True
Is 33249 a prime number?
False
Is 123049 a composite number?
False
Is 3547 a composite number?
False
Is 7781 prime?
False
Is 4111 prime?
True
Is 17783 a prime number?
True
Is 1087 a prime number?
True
Is 113717 a prime number?
True
Is 641309 a prime number?
False
Is 499 a composite number?
False
Is 657481 composite?
True
Is 23523 composite?
True
Is 148891 a composite number?
False
Is 1636961 a prime number?
True
Is 356935 a prime number?
False
Is 25111 prime?
True
Is 18859 a composite number?
False
Is 826363 a prime number?
True
Is 53